is the greatest common divisor of 3 and l?
3
Let t(x) = 3*x - 1. Let s be t(1). What is the highest common factor of s and 6?
2
Suppose 4*g - 3 = 1. Calculate the greatest common factor of g and 4.
1
Suppose 0 = 6*c - 731 - 79. Let i be 2/((-1)/(-4)*-2). Let z = i + 19. What is the highest common divisor of z and c?
15
Suppose 5*o = -2*u + 73, -2*o - 4*u = -o - 11. Calculate the highest common divisor of 165 and o.
15
Let k = 15 - 3. Calculate the greatest common divisor of k and 24.
12
Suppose -8 = f - 5*b + 4, 0 = -f - b + 18. Suppose 0 = -10*k + f*k - 36. Let t(q) = -q + 1. Let m be t(-5). Calculate the highest common factor of m and k.
6
Suppose 1 = -2*g + 5. Suppose g*s = -4*z + 54, 3*z + 71 = 3*s - z. Calculate the greatest common divisor of s and 75.
25
Let o(g) = -g**3 - 7*g**2 - 6*g - 5. Let i be o(-6). Let k(m) = -m**3 - 5*m**2 + m + 7. Let x be k(i). What is the highest common divisor of 2 and x?
2
Suppose 6*r = 4*r + 20. Calculate the greatest common divisor of 25 and r.
5
Let m(l) = -10*l - 1. Let d be m(-1). What is the greatest common divisor of 9 and d?
9
Let k(o) = o**2 + o + 2. Let a be k(2). Suppose 12 + 44 = d. Calculate the greatest common factor of d and a.
8
Let j = 21 + -19. Calculate the highest common factor of 8 and j.
2
Suppose 5*x - 540 = -5*s, s + 2*x = -42 + 153. Let u(f) = 4*f**2 + f + 1. Let i be u(-2). What is the greatest common factor of i and s?
15
Suppose -47 = -6*f + 7. Calculate the highest common divisor of f and 117.
9
Let h = 4 - 2. Suppose 5*m - h*d - 111 = 0, -5*m + 119 = d + d. Suppose c - m = -4. Calculate the highest common divisor of c and 209.
19
Let s = 13 - 25. Let u be -1 - 0 - (1 + s). Let f(k) = -k + 8. Let o be f(6). What is the highest common factor of u and o?
2
Let o(t) = -6*t + 9. Let k be o(-5). What is the greatest common factor of k and 13?
13
Let c = -59 - -124. Calculate the greatest common divisor of c and 26.
13
Let f(i) = 12*i - 3. Let m(p) = -p + 2. Let t be m(-2). Let h be f(t). What is the greatest common factor of h and 9?
9
Let k = 9 + -26. Let d = -1 - k. What is the highest common factor of d and 64?
16
Let f be (-3)/(5/(-130)*2). Calculate the greatest common factor of f and 13.
13
Let z be (180/21)/((-3)/(-21)). Calculate the highest common factor of z and 20.
20
Let i = -188 + 319. Suppose 0 = -3*r + 121 + i. Suppose 3*d - 3*f - r = 0, d + 4*d = f + 124. What is the highest common factor of 3 and d?
3
Suppose 6*s - 59 = 37. What is the highest common divisor of 112 and s?
16
Let s(x) = 3*x**3 - 3*x**2 - x + 4. Let b be s(3). Suppose 4*h = 66 - 22. Calculate the highest common factor of b and h.
11
Let z be 244/36 + (-4)/(-18). What is the greatest common divisor of 2 and z?
1
Suppose -4*m + 290 = -2*c, 5*c - 4*c = -3*m + 205. What is the greatest common divisor of 14 and m?
14
Let w = -98 + 258. What is the highest common divisor of w and 20?
20
Suppose x = -4*x + 45. Let u = x - -3. Calculate the highest common divisor of 8 and u.
4
Suppose 5 = b - 6*b. Let r = b - -6. What is the highest common factor of r and 1?
1
Let h be (-2 - 0) + 2 + 2. Suppose -h*d - 20 = -6*d. Suppose d*s - 19 - 56 = 0. What is the greatest common divisor of s and 6?
3
Suppose 5*t - 3 = -d, 2*d - 1 = -5*t + 10. Let r be 295/3 - d/(-12). What is the highest common factor of r and 9?
9
Let r be 1 + -31 - (-4 - -1). Let i = -12 - r. Calculate the highest common divisor of 5 and i.
5
Suppose -4*k - 26 = -q, -44 = -2*q + 3*k - 12. Let c be (-2 + 0 + 1)*-80. Calculate the greatest common divisor of c and q.
10
Let m be (-44)/11*(-34)/8. Calculate the highest common divisor of m and 34.
17
Suppose x + 1588 = 6*x - m, -946 = -3*x + 4*m. Suppose -3*y - 211 = -2*f, 4*y = f + 2*f - x. Calculate the highest common factor of 10 and f.
10
Let k be -1*(4 + -6)*14. What is the highest common divisor of k and 70?
14
Let d(y) = -y**2 + 2 - y + 0*y - 111*y**3 - 3. Let b be d(-1). Suppose 3*a - 58 + 28 = 0. What is the highest common divisor of b and a?
10
Suppose t - 210 = -4*t - 3*p, 0 = 5*t - 3*p - 210. Let u be (-10)/(-8)*17*4. Let c = -57 + u. Calculate the highest common factor of t and c.
14
Suppose -4*r - 5 + 137 = 0. Let z = 2 + 1. What is the highest common factor of z and r?
3
Let z = -2 + 4. Suppose -2*r + 0 = -4, z*r = -2*w + 28. Suppose 0 = 4*o + 60 - 252. What is the highest common divisor of w and o?
12
Let f be (1 + 7)/(12/102). Let o be (-6 - -5)/(1/(-17)). Calculate the greatest common divisor of f and o.
17
Let p = -93 - -201. Let w = -10 - -18. Let a be 2/(w/36) + 3. Calculate the highest common factor of p and a.
12
Let q = 13 - 10. Let u = -13 + 5. Let z = u - -14. What is the greatest common divisor of z and q?
3
Let z(m) = -2*m**3 - 7*m**2 - m - 2. Let k be z(-5). What is the greatest common divisor of k and 26?
26
Let q(a) = a**3 - 5*a**2 + 4*a + 5. Let v be q(4). Let n(t) = 3*t**3 + t**2 - 4*t + 5. Let d be n(2). What is the highest common divisor of v and d?
5
Suppose g - 4 = 33. What is the highest common factor of 259 and g?
37
Let b = -27 + 69. Let i = -18 + 24. Calculate the highest common divisor of b and i.
6
Let l(t) = -9*t - 6. Let x be l(-4). What is the highest common divisor of 45 and x?
15
Let c(v) = v + 12. Let s be c(0). Calculate the greatest common divisor of 3 and s.
3
Let v be 268/6 - (-2)/6. Let f(r) = -r + 2. Let i be f(-3). What is the highest common divisor of v and i?
5
Let z = 64 + -39. Let v = -6 - -11. What is the greatest common factor of v and z?
5
Let l(y) be the third derivative of -y**4/12 - 7*y**3/6 - 9*y**2. Let u be l(-10). What is the greatest common divisor of u and 13?
13
Let x = -4 - -6. Suppose x*f = 73 - 13. Calculate the highest common factor of 6 and f.
6
Suppose 0 = 4*o - 0*o - 48. Let f = 588 + -294. Suppose 2*t - 3*k = -t + f, 3*t - 2*k = 292. Calculate the greatest common factor of o and t.
12
Suppose 3*p + 163 = 4*n + n, -2*p = -n + 111. Let r = 92 + p. Calculate the greatest common factor of 9 and r.
9
Suppose -v = -0*v + 1. Let h be (18/(-4))/(v/2). What is the highest common divisor of 81 and h?
9
Let p be (-16)/(-1)*2/(-2). Let l = -10 - p. Calculate the highest common divisor of l and 3.
3
Let c(o) = o**3 + 7*o**2 + 7*o + 1. Let v be c(-5). Let s = -838 + 918. What is the greatest common divisor of v and s?
16
Suppose -q = -131 + 37. Suppose q = 5*m - 4*y, 0*y - 40 = -2*m + y. Suppose c - a = 2*c - 29, 0 = -a - 4. What is the highest common factor of c and m?
11
Let s(g) = g**2 - 2*g - 7. Let n be s(8). Suppose -3*a - 8 = -n. What is the highest common factor of a and 44?
11
Suppose 0 = z - 3*z + 342. Suppose f + z = 4*f. Suppose 4*u + 5 - f = 0. What is the highest common divisor of 65 and u?
13
Let l(u) = -17*u - 1. Let z be l(-1). What is the highest common factor of 2 and z?
2
Let y(o) = o**3 + 3*o**2 - 3*o + 1. Let x be y(-3). Calculate the greatest common factor of 2 and x.
2
Suppose -4*s - 42 + 146 = 0. Let o = 68 + 62. Calculate the greatest common factor of o and s.
26
Suppose 1045 = 3*j + 2*j. Let b = 14 + -9. Suppose 2*y = -a + 38, 0 = 2*y - b*y - 5*a + 57. What is the greatest common divisor of y and j?
19
Let p = 2 + 0. Suppose 7 = -h - p*r - 0, 28 = h - 5*r. Calculate the highest common divisor of h and 15.
3
Let r = -21 + 35. Let o = r - -12. Let p = -104 - -169. What is the greatest common divisor of o and p?
13
Let c = 77 - 65. What is the highest common factor of c and 12?
12
Let d = -28 - -37. Calculate the greatest common divisor of 6 and d.
3
Let t(p) = -25*p. Let o be t(-11). Calculate the greatest common factor of o and 25.
25
Let b be ((-1 - 0) + 0)*0. Let s(z) = z**3 + z**2 + z + 2. Let v be s(b). Calculate the highest common divisor of 2 and v.
2
Let z(y) be the first derivative of 5*y**3/3 - y**2/2 + 2*y - 1. Let f be z(-3). What is the greatest common factor of 5 and f?
5
Suppose -4*z + i = -81, 2*z + 5*i = 45 - 10. Let m(r) = 3*r + 5 - 2*r + 0*r. Let a be m(0). What is the greatest common divisor of a and z?
5
Suppose 99 = 2*u - 45. Calculate the highest common divisor of u and 8.
8
Let t be 2/(1*-2)*-1. Let l(f) = -f + 2*f + 4*f**2 - f**2 + 126*f**3 - 4*f**2. Let v be l(t). What is the highest common factor of 14 and v?
14
Let n be (-43 + -1)*(-2)/4. Let l = -258 - -153. Let p = -50 - l. Calculate 